-112 - -2?
-110
In base 2, what is 1000001001 + -11?
1000000110
In base 2, what is 1 + 1001?
1010
In base 4, what is 23 + -2303?
-2220
In base 5, what is -1031 - -3?
-1023
In base 4, what is -2 - 100?
-102
In base 3, what is -22012 - 1?
-22020
In base 11, what is -1a5 - 3?
-1a8
In base 12, what is 43 - -1?
44
In base 2, what is -10010001010 + 0?
-10010001010
In base 7, what is 6 + -42?
-33
In base 3, what is 12 - -2002?
2021
In base 9, what is -134 - -10?
-124
In base 11, what is -1a3 - -5?
-199
In base 12, what is -48 + 4?
-44
In base 11, what is -59 - 1?
-5a
In base 3, what is 1101 + 12?
1120
In base 12, what is -3 + 628?
625
In base 8, what is -3 + -7657?
-7662
In base 2, what is 11000 - -11011?
110011
In base 15, what is -1 - 141?
-142
In base 6, what is 22 + 0?
22
In base 11, what is 3 + -42?
-3a
In base 15, what is 3 - 4c?
-49
In base 12, what is -418 - 5?
-421
In base 15, what is -1e + -21?
-40
In base 3, what is -10 + -2012011?
-2012021
In base 16, what is be6 - 0?
be6
In base 14, what is -5 + 182?
17b
In base 9, what is -25 - -70?
44
In base 2, what is -100 + -1110110010?
-1110110110
In base 11, what is -4223 - -5?
-4219
In base 2, what is 1001 - 10?
111
In base 2, what is 11010 - 11001?
1
In base 7, what is -5403 - 0?
-5403
In base 13, what is -364 - -10?
-354
In base 4, what is -33330 + 3?
-33321
In base 6, what is 3 - -10025?
10032
In base 13, what is 6b1 + 5?
6b6
In base 6, what is 15 + -20?
-1
In base 16, what is -3a1 + 2?
-39f
In base 12, what is -7945 + 4?
-7941
In base 14, what is a4 - -7?
ab
In base 9, what is -136 - 5?
-142
In base 16, what is 15 + -4?
11
In base 13, what is 96 + -2?
94
In base 11, what is -352 + 3?
-34a
In base 13, what is 3c4a - 3?
3c47
In base 9, what is 6 + 6?
13
In base 10, what is -13 + -1646?
-1659
In base 4, what is -101 - -11213?
11112
In base 4, what is 230 + 13031?
13321
In base 2, what is 1101010010 - -1?
1101010011
In base 16, what is -6ca + -5?
-6cf
In base 10, what is 1 + -664?
-663
In base 2, what is 10 - -100110110?
100111000
In base 2, what is -10100110010 - 11?
-10100110101
In base 3, what is -100 - -201?
101
In base 4, what is -1231 + 10?
-1221
In base 12, what is 0 + -4b?
-4b
In base 16, what is -f8 - a?
-102
In base 9, what is -55 - 53?
-118
In base 7, what is -462 + 33?
-426
In base 15, what is 2 - 32?
-30
In base 11, what is -aa - -3?
-a7
In base 6, what is 10502 + 4?
10510
In base 8, what is -1 + -572?
-573
In base 5, what is 10 - -201?
211
In base 7, what is -2 - -1156?
1154
In base 10, what is -3 - 17?
-20
In base 10, what is -1 + -4?
-5
In base 5, what is 11 - 334?
-323
In base 3, what is 102 + 10?
112
In base 13, what is -2 + 29a2?
29a0
In base 13, what is 563 - -2?
565
In base 14, what is 4a - 62?
-16
In base 16, what is -2 + 35?
33
In base 11, what is -4 + 63?
5a
In base 11, what is -363 - -4?
-35a
In base 14, what is 1 + -c2?
-c1
In base 14, what is 9 - -7?
12
In base 3, what is -22 + -1000?
-1022
In base 6, what is 54 - 45?
5
In base 6, what is -402 - -5?
-353
In base 15, what is 1 - 863?
-862
In base 5, what is 2 - -304?
311
In base 6, what is -202321 + -1?
-202322
In base 6, what is 401 + -3?
354
In base 11, what is 138a - 5?
1385
In base 6, what is 3 + 31134?
31141
In base 14, what is -2 + -1?
-3
In base 4, what is -2 - -1011?
1003
In base 8, what is 5 - 5477?
-5472
In base 11, what is 5 + -38?
-33
In base 15, what is -18 + -4b?
-64
In base 4, what is 1 - 3001?
-3000
In base 3, what is -1010 - 121?
-1201
In base 3, what is 1 + -2020?
-2012
In base 15, what is 15a - -3?
15d
In base 15, what is 4 + -5?
-1
In base 7, what is -16242 - 0?
-16242
In base 13, what is -18a + 17?
-173
In base 12, what is 5b - -17?
76
In base 11, what is -3 - 575?
-578
In base 6, what is 34054 + 5?
34103
In base 11, what is -225 - -15?
-210
In base 8, what is -712 - -14?
-676
In base 11, what is 4 + -2587?
-2583
In base 8, what is -11271 - 3?
-11274
In base 15, what is 1260 + -3?
125c
In base 5, what is 4 + 20?
24
In base 9, what is 5 - 4121?
-4115
In base 11, what is 343a + 2?
3441
In base 7, what is -20 - -22?
2
In base 15, what is 3 + 55e?
562
In base 10, what is 235 + 5?
240
In base 9, what is 18 - 75?
-56
In base 6, what is -5 - 43?
-52
In base 11, what is 4 + -234?
-230
In base 5, what is 3134 + 14?
3203
In base 4, what is 3 + 111?
120
In base 7, what is 156 - -133?
322
In base 10, what is -2 - -227?
225
In base 4, what is 3 + 2002?
2011
In base 13, what is -693 + -7?
-69a
In base 3, what is -10 + -222?
-1002
In base 14, what is 607b + 5?
6082
In base 7, what is -24 - 35?
-62
In base 13, what is -53 + 6?
-4a
In base 2, what is 1111101100100 + 1?
1111101100101
In base 15, what is c9 - 4?
c5
In base 4, what is 10120 - 11?
10103
In base 8, what is -2 + 632?
630
In base 8, what is -26712 + 4?
-26706
In base 16, what is -20 - -a?
-16
In base 7, what is -4232 - 2?
-4234
In base 10, what is 0 + -22?
-22
In base 2, what is 1000110010 - 100?
1000101110
In base 16, what is -9f + 4f?
-50
In base 7, what is 63 + -14?
46
In base 3, what is -2 - 211?
-220
In base 4, what is -3 + 2001?
1332
In base 5, what is -2 + 2040?
2033
In base 16, what is 55 - 96?
-41
In base 8, what is 1 + 6?
7
In base 16, what is 8 - 24d?
-245
In base 11, what is 2 - 26?
-24
In base 2, what is -11 - -1101011011?
1101011000
In base 5, what is 3 + 441?
444
In base 12, what is -2 - -a82?
a80
In base 2, what is 100 - 1000100101?
-1000100001
In base 9, what is 0 + -6?
-6
In base 5, what is 1323 + 10?
1333
In base 7, what is -461 - 0?
-461
In base 2, what is 10001 + -1001011?
-111010
In base 3, what is 102 - -100?
202
In base 11, what is 8 - 2740?
-2733
In base 6, what is -50 - -4?
-42
In base 13, what is 0 + 797?
797
In base 16, what is 1ca + 3?
1cd
In base 7, what is 3124 - 6?
3115
In base 15, what is 3e5 - 4?
3e1
In base 16, what is -6210 + 2?
-620e
In base 12, what is 3 - 0?
3
In base 13, what is 2 + 250?
252
In base 6, what is 5451 + 0?
5451
In base 11, what is -18 + 12?
-6
In base 13, what is -5 + 666?
661
In base 11, what is -452 + -4?
-456
In base 15, what is -39 + -1?
-3a
In base 6, what is -4 + 332?
324
In base 8, what is -2567 + 10?
-2557
In base 6, what is 431 - 1?
430
In base 4, what is -10223 + 0?
-10223
In base 14, what is -5c5 + -5?
-5ca
In base 6, what is 0 + -1531?
-1531
In base 6, what is 3 - 31250?
-31243
In base 8, what is 0 - -43?
43
In base 2, what is 0 - -11100011?
11100011
In base 11, what is 17 - 2?
15
In base 15, what is 0 + 66?
66
In base 11, what is -16 - 10?
-26
In base 14, what is 150 - -4?
154
In base 7, what is 46 - 414?
-335
In base 15, what is -65a - -5?
-655
In base 2, what is 101 + 1?
110
In base 16, what is -5 - ae3?
-ae8
In base 14, what is 1a + -9?
11
In base 15, what is -5 - -4?
-1
In base 11, what is 3802 - 0?
3802
In base 13, what is -50 - -10?
-40
In base 9, what is -3 + -1671?
-1674
In base 11, what is 333 - 3?
330
In base 13, what is 22 + -3?
1c
In base 3, what is -10202 + 2?
-10200
In base 15, what is -2 - -86?
84
In base 12, what is 21 - -a?
2b
In base 13, what is 63 + 0?
63
In base 8, what is 107 - 3?
104
In base 2, what is -101 - -11111110?
11111001
In base 6, what is -1 + -2100?
-2101
In base 3, what is 10 - -11212?
11222
In base 6, what is 44043 + -4?
44035
In base 6, what is 0 + -332?
-332
In base 11, what is -488 - -1?
-487
In base 3, what is 12 - 12000?
-11211
In base 6, what is -3 + -21441?
-21444
In base 6, what is -341 + 4?
-333
In base 15, what is b2 - 5?
ac
In base 2, what is 1000011001 + 100?
1000011101
In base 15, what is -a - 637?
-642
In base 16, what is -3 - -763?
760
In base 10, what is 6532 + -4?
6528
In base 10, what is 1054 + 4?
1058
In base 4, what is 1330301 - -11?
1330312
In base 14, what is 6bd - 0?
6bd
In base 6, what is -1024 + 5?
-1015
In base 12, what is 53 - -9?
60
In base 5, what is -2 + -1112?
-1114
In base 15, what is de3 - -4?
de7
In base 10, what is 4 + 91?
95
In base 10, what is -7 + 2921?
2914
In base 14, what is -1d4 + -12?
-206
In base 11, what is -187 - -44?
-143
In base 12, what is -b8 + 80?
-38
In base 4, what is -10 + -20311?
-20321
In base 16, what is 6ca - -1?
6cb
In base 4, what is 330231 + 11?
330302
In base 15, what is 3 - -a60?
a63
In base 15, what is -aa - -13?
-97
In base 14, what is 1 - 2916?
-2915
In base 12, what is -190 - -59?
-133
I